10?
7
What is -5 (base 16) in base 13?
-5
1 (base 4) to base 16
1
Convert 2a (base 11) to base 8.
40
What is 52 (base 15) in base 12?
65
Convert 6 (base 16) to base 11.
6
-2 (base 13) to base 16
-2
What is 1010 (base 5) in base 3?
11211
What is -200 (base 4) in base 11?
-2a
What is -20 (base 3) in base 2?
-110
4 (base 9) to base 2
100
Convert 3 (base 15) to base 13.
3
Convert -101111 (base 2) to base 14.
-35
Convert -5 (base 15) to base 11.
-5
326 (base 7) to base 3
20012
Convert 1 (base 6) to base 4.
1
4 (base 9) to base 16
4
Convert 1a (base 15) to base 13.
1c
What is 16 (base 8) in base 14?
10
What is -41 (base 10) in base 3?
-1112
Convert 3 (base 15) to base 4.
3
Convert 1111 (base 3) to base 16.
28
Convert 9 (base 16) to base 4.
21
What is 22222 (base 3) in base 16?
f2
What is 221 (base 6) in base 3?
10011
-5 (base 14) to base 12
-5
7 (base 16) to base 13
7
3 (base 13) to base 8
3
-2 (base 9) to base 3
-2
Convert 15 (base 9) to base 6.
22
1 (base 7) to base 16
1
What is 44 (base 7) in base 4?
200
-27 (base 10) to base 7
-36
What is 201 (base 4) in base 12?
29
Convert 0 (base 7) to base 8.
0
Convert -2 (base 7) to base 4.
-2
10 (base 5) to base 14
5
-7 (base 14) to base 6
-11
Convert 1001000 (base 2) to base 9.
80
What is -e (base 15) in base 6?
-22
What is -301 (base 4) in base 7?
-100
What is 252 (base 7) in base 13?
a5
What is 0 (base 6) in base 7?
0
What is a (base 11) in base 3?
101
Convert -2 (base 3) to base 16.
-2
What is 12 (base 10) in base 3?
110
-3 (base 5) to base 6
-3
Convert -13 (base 4) to base 6.
-11
1 (base 10) to base 15
1
Convert -34 (base 9) to base 6.
-51
Convert 221 (base 5) to base 8.
75
What is 61 (base 13) in base 7?
142
13 (base 6) to base 11
9
What is -10 (base 9) in base 15?
-9
What is 33 (base 11) in base 14?
28
Convert 100 (base 3) to base 2.
1001
What is 11 (base 3) in base 9?
4
-83 (base 14) to base 6
-311
10 (base 4) to base 6
4
-1020 (base 3) to base 7
-45
Convert -22 (base 6) to base 10.
-14
What is -79 (base 13) in base 9?
-121
Convert 5 (base 13) to base 6.
5
1 (base 16) to base 2
1
4 (base 15) to base 5
4
-10100 (base 2) to base 9
-22
1 (base 2) to base 8
1
Convert 102 (base 6) to base 2.
100110
Convert 2 (base 15) to base 14.
2
What is 37 (base 9) in base 13?
28
-12 (base 9) to base 2
-1011
Convert -2 (base 13) to base 12.
-2
-6 (base 11) to base 3
-20
Convert -14 (base 15) to base 4.
-103
What is 59 (base 12) in base 4?
1011
Convert -100010101 (base 2) to base 13.
-184
Convert -321 (base 4) to base 3.
-2010
What is 3 (base 14) in base 9?
3
Convert 3 (base 15) to base 14.
3
c (base 16) to base 2
1100
Convert 2 (base 16) to base 3.
2
-20 (base 3) to base 12
-6
Convert -1 (base 5) to base 2.
-1
-2203 (base 4) to base 8
-243
What is -7 (base 14) in base 9?
-7
What is 0 (base 8) in base 7?
0
-2 (base 13) to base 11
-2
Convert 224 (base 11) to base 16.
10c
10 (base 4) to base 9
4
Convert -14 (base 5) to base 16.
-9
What is -6 (base 7) in base 11?
-6
Convert -2 (base 13) to base 14.
-2
7d (base 15) to base 14
86
What is 1 (base 7) in base 9?
1
Convert 211 (base 4) to base 16.
25
What is -1 (base 11) in base 8?
-1
420 (base 6) to base 3
12210
What is 101 (base 2) in base 8?
5
Convert -1 (base 11) to base 13.
-1
-2021 (base 3) to base 10
-61
Convert -a3 (base 11) to base 4.
-1301
230 (base 8) to base 15
a2
What is -141 (base 5) in base 7?
-64
What is 1 (base 4) in base 15?
1
-37 (base 10) to base 6
-101
-3 (base 4) to base 12
-3
2 (base 9) to base 12
2
Convert -8 (base 12) to base 10.
-8
Convert -14 (base 8) to base 4.
-30
-5 (base 7) to base 6
-5
Convert -10 (base 10) to base 4.
-22
Convert -2122 (base 3) to base 10.
-71
What is 122 (base 4) in base 13?
20
0 (base 5) to base 14
0
What is -7 (base 13) in base 8?
-7
What is 110101 (base 2) in base 3?
1222
Convert 1204 (base 6) to base 4.
10210
What is 24 (base 16) in base 15?
26
What is 17 (base 15) in base 3?
211
Convert -4 (base 9) to base 5.
-4
What is -86 (base 10) in base 11?
-79
40 (base 5) to base 6
32
What is 22 (base 14) in base 2?
11110
11101010 (base 2) to base 15
109
-112 (base 7) to base 5
-213
Convert -2 (base 10) to base 14.
-2
What is -13 (base 7) in base 5?
-20
Convert -5 (base 9) to base 3.
-12
What is -11 (base 10) in base 15?
-b
-45 (base 11) to base 2
-110001
What is 5 (base 11) in base 8?
5
What is 5 (base 15) in base 2?
101
What is -52 (base 8) in base 6?
-110
Convert -1003 (base 5) to base 13.
-9b
Convert b5 (base 12) to base 3.
12002
Convert -b (base 14) to base 4.
-23
Convert -101100 (base 2) to base 13.
-35
Convert -9 (base 10) to base 12.
-9
-1e (base 15) to base 14
-21
Convert -1110 (base 4) to base 5.
-314
Convert 18 (base 12) to base 4.
110
0 (base 14) to base 6
0
What is -1010 (base 2) in base 5?
-20
Convert -121 (base 9) to base 6.
-244
0 (base 8) to base 13
0
What is 93 (base 16) in base 4?
2103
Convert -20 (base 5) to base 7.
-13
What is 3 (base 9) in base 7?
3
Convert 201 (base 3) to base 13.
16
What is -21 (base 3) in base 6?
-11
86 (base 10) to base 11
79
Convert 126 (base 8) to base 13.
68
Convert 31 (base 5) to base 4.
100
-4 (base 10) to base 7
-4
What is 67 (base 12) in base 2?
1001111
What is a (base 15) in base 7?
13
What is -2 (base 13) in base 4?
-2
What is -241 (base 10) in base 3?
-22221
What is 50 (base 6) in base 8?
36
What is -2a (base 14) in base 8?
-46
What is -66 (base 9) in base 5?
-220
What is 2 (base 8) in base 7?
2
Convert -200 (base 3) to base 16.
-12
What is -4 (base 5) in base 11?
-4
What is -10 (base 3) in base 5?
-3
Convert -1d (base 16) to base 8.
-35
What is 101 (base 8) in base 13?
50
What is 1000 (base 2) in base 6?
12
Convert -55 (base 10) to base 7.
-106
What is -2 (base 3) in base 16?
-2
What is -15 (base 15) in base 11?
-19
What is 11 (base 8) in base 7?
12
3 (base 13) to base 10
3
Convert 10 (base 3) to base 9.
3
What is -5 (base 8) in base 15?
-5
What is 1 (base 7) in base 2?
1
-2 (base 6) to base 10
-2
What is 2 (base 7) in base 5?
2
-166 (base 7) to base 5
-342
What is -124 (base 15) in base 10?
-259
-71 (base 14) to base 7
-201
Convert 2 (base 7) to base 11.
2
Convert 71 (base 16) to base 3.
11012
What is -1223 (base 4) in base 2?
-1101011
Convert -61 (base 8) to base 2.
-110001
2 (base 12) to base 10
2
What is -27 (base 14) in base 10?
-35
Convert -1 (base 13) to base 2.
-1
Convert -45 (base 6) to base 12.
-25
What is 1 (base 8) in base 5?
1
Convert -9 (base 13) to base 7.
-12
-10 (base 5) to base 9
-5
-132 (base 9) to base 15
-75
Convert -3 (base 13) to base 15.
-3
What is -12 (base 3) in base 16?
-5
10b (base 13) to base 11
154
70 (base 16) to base 11
a2
1050 (base 6) to base 2
11110110
Convert -16 (base 10) to base 5.
-31
4 (base 5) to base 4
10
244 (base 8) to base 2
10100100
Convert 0 (base 7) to base 16.
0
Convert 0 (base 9) to base 16.
0
Convert 2 (base 4) to base 2.
10
Convert b1 (base 16) to base 11.
151
4 (base 12) to base 11
4
Convert -37 (base 8) to base 3.
-1011
What is -1 (base 14) in base 12?
-1
Convert -77 (base 10) to base 11.
-70
Convert 21 (base 3) to base 13.
7
Convert -1030 (base 4) to base 9.
-84
-137 (base 13) to base 6
-555
Convert c (base 15) to base 9.
13
-30 (base 11) to base 8
-41
2 (base 12) to base 10
2
Convert -1 (base 12) to base 3.
-1
What is -4 (base 7) in base 2?
-100
-23 (base 4) to base 8
-13
What is 2 (base 13) in base 11?
2
42 (base 9) to base 8
46
Convert -4 (base 5) to base 7.
-4
Convert -1 (base 14) to base 11.
-1
-d (base 16) to base 3
-111
10 (base 5) to base 3
12
10000101 (base 2) to base 11
111
What is 123 (base 8) in base 3?
10002
What is 0 (base 9) in base 8?
0
What is 1 (base 5) in base 4?
1
What is -2 (base 9) in base 11?
-2
-61 (base 10) to base 2
-111101
-11 (base 14) to base 16
-f
-32 (base 16) to base 5
-200
What is 20 (base 8) in base 3?
121
Convert -5d (base 16) to base 9.
-113
12 (base 9) to base 2
1011
105 (base 16) to base 15
126
Convert -3 (base 12) to base 10.
-3
-5 (base 15) to base 6
-5
What is -3 (base 9) in base 7?
-3
Convert -17 (base 13) to base 16.
-14
What is -34 (base 10) in base 4?
-202
-12 (base 13) to base 8
-17
-7 (base 9) to base 8
-7
-2 (base 14) to base 15
-2
1 (base 11) to base 15
1
Convert -10 (base 2) to base 12.
-2
Convert 1041 (base 5) to base 8.
222
36 (base 12) to base 10
42
-42 (base 6) to base 